[INFO] cloning repository https://github.com/andrewmruddy/wasm-seed-rust-trial
[INFO] running `Command { std: "git" "-c" "credential.helper=" "-c" "credential.helper=/workspace/cargo-home/bin/git-credential-null" "clone" "--bare" "https://github.com/andrewmruddy/wasm-seed-rust-trial" "/workspace/cache/git-repos/https%3A%2F%2Fgithub.com%2Fandrewmruddy%2Fwasm-seed-rust-trial", kill_on_drop: false }`
[INFO] [stderr] Cloning into bare repository '/workspace/cache/git-repos/https%3A%2F%2Fgithub.com%2Fandrewmruddy%2Fwasm-seed-rust-trial'...
[INFO] running `Command { std: "git" "rev-parse" "HEAD", kill_on_drop: false }`
[INFO] [stdout] ffe6e1f80bc8c8211d55bb208c5a10b6668b94df
[INFO] checking andrewmruddy/wasm-seed-rust-trial against try#72f88fc4e9458f89516a0b8b0868f3718aec5b47 for pr-74989
[INFO] running `Command { std: "git" "clone" "/workspace/cache/git-repos/https%3A%2F%2Fgithub.com%2Fandrewmruddy%2Fwasm-seed-rust-trial" "/workspace/builds/worker-2/source", kill_on_drop: false }`
[INFO] [stderr] Cloning into '/workspace/builds/worker-2/source'...
[INFO] [stderr] done.
[INFO] [stderr] Checking out files:  36% (307/851)   
Checking out files:  37% (315/851)   
Checking out files:  38% (324/851)   
Checking out files:  39% (332/851)   
Checking out files:  40% (341/851)   
Checking out files:  41% (349/851)   
Checking out files:  42% (358/851)   
Checking out files:  43% (366/851)   
Checking out files:  44% (375/851)   
Checking out files:  45% (383/851)   
Checking out files:  46% (392/851)   
Checking out files:  47% (400/851)   
Checking out files:  48% (409/851)   
Checking out files:  49% (417/851)   
Checking out files:  50% (426/851)   
Checking out files:  51% (435/851)   
Checking out files:  52% (443/851)   
Checking out files:  53% (452/851)   
Checking out files:  54% (460/851)   
Checking out files:  55% (469/851)   
Checking out files:  56% (477/851)   
Checking out files:  57% (486/851)   
Checking out files:  58% (494/851)   
Checking out files:  59% (503/851)   
Checking out files:  60% (511/851)   
Checking out files:  61% (520/851)   
Checking out files:  62% (528/851)   
Checking out files:  63% (537/851)   
Checking out files:  64% (545/851)   
Checking out files:  65% (554/851)   
Checking out files:  66% (562/851)   
Checking out files:  67% (571/851)   
Checking out files:  68% (579/851)   
Checking out files:  69% (588/851)   
Checking out files:  70% (596/851)   
Checking out files:  71% (605/851)   
Checking out files:  72% (613/851)   
Checking out files:  73% (622/851)   
Checking out files:  74% (630/851)   
Checking out files:  75% (639/851)   
Checking out files:  76% (647/851)   
Checking out files:  77% (656/851)   
Checking out files:  78% (664/851)   
Checking out files:  79% (673/851)   
Checking out files:  80% (681/851)   
Checking out files:  81% (690/851)   
Checking out files:  82% (698/851)   
Checking out files:  83% (707/851)   
Checking out files:  84% (715/851)   
Checking out files:  85% (724/851)   
Checking out files:  86% (732/851)   
Checking out files:  87% (741/851)   
Checking out files:  88% (749/851)   
Checking out files:  89% (758/851)   
Checking out files:  90% (766/851)   
Checking out files:  91% (775/851)   
Checking out files:  92% (783/851)   
Checking out files:  93% (792/851)   
Checking out files:  94% (800/851)   
Checking out files:  95% (809/851)   
Checking out files:  96% (817/851)   
Checking out files:  97% (826/851)   
Checking out files:  98% (834/851)   
Checking out files:  99% (843/851)   
Checking out files: 100% (851/851)   
Checking out files: 100% (851/851), done.
[INFO] validating manifest of git repo https://github.com/andrewmruddy/wasm-seed-rust-trial on toolchain 72f88fc4e9458f89516a0b8b0868f3718aec5b47
[INFO] running `Command { std: "/workspace/cargo-home/bin/cargo" "+72f88fc4e9458f89516a0b8b0868f3718aec5b47" "read-manifest" "--manifest-path" "Cargo.toml", kill_on_drop: false }`
[INFO] started tweaking git repo https://github.com/andrewmruddy/wasm-seed-rust-trial
[INFO] finished tweaking git repo https://github.com/andrewmruddy/wasm-seed-rust-trial
[INFO] tweaked toml for git repo https://github.com/andrewmruddy/wasm-seed-rust-trial written to /workspace/builds/worker-2/source/Cargo.toml
[INFO] crate git repo https://github.com/andrewmruddy/wasm-seed-rust-trial already has a lockfile, it will not be regenerated
[INFO] running `Command { std: "/workspace/cargo-home/bin/cargo" "+72f88fc4e9458f89516a0b8b0868f3718aec5b47" "fetch" "--locked" "--manifest-path" "Cargo.toml", kill_on_drop: false }`
[INFO] [stderr]  Downloading crates ...
[INFO] [stderr]   Downloaded serde v1.0.107
[INFO] [stderr]   Downloaded serde_derive v1.0.107
[INFO] [stderr]   Downloaded dbg v1.0.4
[INFO] [stderr]   Downloaded seed v0.6.0
[INFO] [stderr]   Downloaded pin-project-internal v0.4.13
[INFO] [stderr]   Downloaded enclose v1.1.8
[INFO] [stderr]   Downloaded wasm-bindgen-test v0.2.50
[INFO] [stderr]   Downloaded pin-project v0.4.13
[INFO] [stderr]   Downloaded pulldown-cmark v0.6.1
[INFO] [stderr]   Downloaded wasm-bindgen-test-macro v0.2.50
[INFO] running `Command { std: "docker" "create" "-v" "/var/lib/crater-agent-workspace/builds/worker-2/target:/opt/rustwide/target:rw,Z" "-v" "/var/lib/crater-agent-workspace/builds/worker-2/source:/opt/rustwide/workdir:ro,Z" "-v" "/var/lib/crater-agent-workspace/cargo-home:/opt/rustwide/cargo-home:ro,Z" "-v" "/var/lib/crater-agent-workspace/rustup-home:/opt/rustwide/rustup-home:ro,Z" "-e" "SOURCE_DIR=/opt/rustwide/workdir" "-e" "CARGO_TARGET_DIR=/opt/rustwide/target" "-e" "CARGO_HOME=/opt/rustwide/cargo-home" "-e" "RUSTUP_HOME=/opt/rustwide/rustup-home" "-w" "/opt/rustwide/workdir" "-m" "1610612736" "--user" "0:0" "--network" "none" "rustops/crates-build-env@sha256:d92eaeed33fa75130ca1ee6c8a01d1ffb62bac859dfdfb3450e3e5d1c0146529" "/opt/rustwide/cargo-home/bin/cargo" "+72f88fc4e9458f89516a0b8b0868f3718aec5b47" "metadata" "--no-deps" "--format-version=1", kill_on_drop: false }`
[INFO] [stdout] 7dbf3e79a228ce43eb2b1730d28798b47854725e2e76064b342b1790e99439f6
[INFO] [stderr] WARNING: Your kernel does not support swap limit capabilities or the cgroup is not mounted. Memory limited without swap.
[INFO] running `Command { std: "docker" "start" "-a" "7dbf3e79a228ce43eb2b1730d28798b47854725e2e76064b342b1790e99439f6", kill_on_drop: false }`
[INFO] running `Command { std: "docker" "inspect" "7dbf3e79a228ce43eb2b1730d28798b47854725e2e76064b342b1790e99439f6", kill_on_drop: false }`
[INFO] running `Command { std: "docker" "rm" "-f" "7dbf3e79a228ce43eb2b1730d28798b47854725e2e76064b342b1790e99439f6", kill_on_drop: false }`
[INFO] [stdout] 7dbf3e79a228ce43eb2b1730d28798b47854725e2e76064b342b1790e99439f6
[INFO] running `Command { std: "docker" "create" "-v" "/var/lib/crater-agent-workspace/builds/worker-2/target:/opt/rustwide/target:rw,Z" "-v" "/var/lib/crater-agent-workspace/builds/worker-2/source:/opt/rustwide/workdir:ro,Z" "-v" "/var/lib/crater-agent-workspace/cargo-home:/opt/rustwide/cargo-home:ro,Z" "-v" "/var/lib/crater-agent-workspace/rustup-home:/opt/rustwide/rustup-home:ro,Z" "-e" "SOURCE_DIR=/opt/rustwide/workdir" "-e" "CARGO_TARGET_DIR=/opt/rustwide/target" "-e" "CARGO_INCREMENTAL=0" "-e" "RUST_BACKTRACE=full" "-e" "RUSTFLAGS=--cap-lints=forbid" "-e" "CARGO_HOME=/opt/rustwide/cargo-home" "-e" "RUSTUP_HOME=/opt/rustwide/rustup-home" "-w" "/opt/rustwide/workdir" "-m" "1610612736" "--user" "0:0" "--network" "none" "rustops/crates-build-env@sha256:d92eaeed33fa75130ca1ee6c8a01d1ffb62bac859dfdfb3450e3e5d1c0146529" "/opt/rustwide/cargo-home/bin/cargo" "+72f88fc4e9458f89516a0b8b0868f3718aec5b47" "check" "--frozen" "--all" "--all-targets" "--message-format=json", kill_on_drop: false }`
[INFO] [stdout] 1e659a315f8a8bd2cdbead8b7ddd6d4349cbb300cc3e2f00c8c8d02ac2b6bcd0
[INFO] [stderr] WARNING: Your kernel does not support swap limit capabilities or the cgroup is not mounted. Memory limited without swap.
[INFO] running `Command { std: "docker" "start" "-a" "1e659a315f8a8bd2cdbead8b7ddd6d4349cbb300cc3e2f00c8c8d02ac2b6bcd0", kill_on_drop: false }`
[INFO] [stderr]    Compiling proc-macro2 v1.0.12
[INFO] [stderr]    Compiling syn v1.0.19
[INFO] [stderr]    Compiling wasm-bindgen-shared v0.2.62
[INFO] [stderr]    Compiling bumpalo v3.2.1
[INFO] [stderr]    Compiling serde v1.0.107
[INFO] [stderr]    Compiling ryu v1.0.4
[INFO] [stderr]    Compiling wasm-bindgen v0.2.62
[INFO] [stderr]     Checking itoa v0.4.5
[INFO] [stderr]    Compiling version_check v0.9.1
[INFO] [stderr]     Checking futures-core v0.3.5
[INFO] [stderr]     Checking once_cell v1.3.1
[INFO] [stderr]     Checking futures-sink v0.3.5
[INFO] [stderr]    Compiling libc v0.2.69
[INFO] [stderr]    Compiling proc-macro-hack v0.5.15
[INFO] [stderr]    Compiling version_check v0.1.5
[INFO] [stderr]    Compiling pulldown-cmark v0.6.1
[INFO] [stderr]     Checking percent-encoding v1.0.1
[INFO] [stderr]     Checking enclose v1.1.8
[INFO] [stderr]     Checking futures v0.1.29
[INFO] [stderr]     Checking scoped-tls v1.0.0
[INFO] [stderr]     Checking futures-channel v0.3.5
[INFO] [stderr]    Compiling indexmap v1.3.2
[INFO] [stderr]     Checking futures-task v0.3.5
[INFO] [stderr]    Compiling log v0.4.8
[INFO] [stderr]     Checking idna v0.1.5
[INFO] [stderr]    Compiling wasm-bindgen-test-macro v0.2.50
[INFO] [stderr]    Compiling dbg v1.0.4
[INFO] [stderr]    Compiling unicase v2.6.0
[INFO] [stderr]    Compiling seed v0.6.0
[INFO] [stderr]     Checking url v1.7.2
[INFO] [stderr]    Compiling quote v1.0.4
[INFO] [stderr]     Checking time v0.1.43
[INFO] [stderr]     Checking cookie v0.12.0
[INFO] [stderr]    Compiling wasm-bindgen-backend v0.2.62
[INFO] [stderr]    Compiling serde_derive v1.0.107
[INFO] [stderr]    Compiling pin-project-internal v0.4.13
[INFO] [stderr]    Compiling futures-macro v0.3.5
[INFO] [stderr]    Compiling wasm-bindgen-macro-support v0.2.62
[INFO] [stderr]    Compiling wasm-bindgen-macro v0.2.62
[INFO] [stderr]     Checking pin-project v0.4.13
[INFO] [stderr]     Checking futures-util v0.3.5
[INFO] [stderr]     Checking futures-executor v0.3.5
[INFO] [stderr]     Checking futures v0.3.5
[INFO] [stderr]     Checking serde_json v1.0.52
[INFO] [stderr]     Checking js-sys v0.3.39
[INFO] [stderr]     Checking console_error_panic_hook v0.1.6
[INFO] [stdout] error: return value of constructor must be a bare path
[INFO] [stdout]     --> /opt/rustwide/cargo-home/registry/src/github.com-1ecc6299db9ec823/js-sys-0.3.39/src/lib.rs:4795:13
[INFO] [stdout]      |
[INFO] [stdout] 4795 | /             /// The
[INFO] [stdout] 4796 | |             #[doc = $ctor]
[INFO] [stdout] 4797 | |             /// constructor creates an array of unsigned 8-bit integers.
[INFO] [stdout] 4798 | |             ///
[INFO] [stdout] ...    |
[INFO] [stdout] 4802 | |             #[wasm_bindgen(constructor)]
[INFO] [stdout] 4803 | |             pub fn new(constructor_arg: &JsValue) -> $name;
[INFO] [stdout]      | |___________________________________________________________^
[INFO] [stdout] ...
[INFO] [stdout] 4999 | / arrays! {
[INFO] [stdout] 5000 | |     /// `Int8Array()`
[INFO] [stdout] 5001 | |     /// https://developer.mozilla.org/en-US/docs/Web/JavaScript/Reference/Global_Objects/Int8Array
[INFO] [stdout] 5002 | |     Int8Array: i8,
[INFO] [stdout] ...    |
[INFO] [stdout] 5034 | |     Float64Array: f64,
[INFO] [stdout] 5035 | | }
[INFO] [stdout]      | |_- in this macro invocation
[INFO] [stdout]      |
[INFO] [stdout]      = note: this error originates in a macro (in Nightly builds, run with -Z macro-backtrace for more info)
[INFO] [stdout] 
[INFO] [stdout] 
[INFO] [stdout] error: return value of constructor must be a bare path
[INFO] [stdout]     --> /opt/rustwide/cargo-home/registry/src/github.com-1ecc6299db9ec823/js-sys-0.3.39/src/lib.rs:4805:13
[INFO] [stdout]      |
[INFO] [stdout] 4805 | /             /// An
[INFO] [stdout] 4806 | |             #[doc = $ctor]
[INFO] [stdout] 4807 | |             /// which creates an array with an internal buffer large
[INFO] [stdout] 4808 | |             /// enough for `length` elements.
[INFO] [stdout] ...    |
[INFO] [stdout] 4813 | |             #[wasm_bindgen(constructor)]
[INFO] [stdout] 4814 | |             pub fn new_with_length(length: u32) -> $name;
[INFO] [stdout]      | |_________________________________________________________^
[INFO] [stdout] ...
[INFO] [stdout] 4999 | / arrays! {
[INFO] [stdout] 5000 | |     /// `Int8Array()`
[INFO] [stdout] 5001 | |     /// https://developer.mozilla.org/en-US/docs/Web/JavaScript/Reference/Global_Objects/Int8Array
[INFO] [stdout] 5002 | |     Int8Array: i8,
[INFO] [stdout] ...    |
[INFO] [stdout] 5034 | |     Float64Array: f64,
[INFO] [stdout] 5035 | | }
[INFO] [stdout]      | |_- in this macro invocation
[INFO] [stdout]      |
[INFO] [stdout]      = note: this error originates in a macro (in Nightly builds, run with -Z macro-backtrace for more info)
[INFO] [stdout] 
[INFO] [stdout] 
[INFO] [stdout] error: return value of constructor must be a bare path
[INFO] [stdout]     --> /opt/rustwide/cargo-home/registry/src/github.com-1ecc6299db9ec823/js-sys-0.3.39/src/lib.rs:4816:13
[INFO] [stdout]      |
[INFO] [stdout] 4816 | /             /// An
[INFO] [stdout] 4817 | |             #[doc = $ctor]
[INFO] [stdout] 4818 | |             /// which creates an array with the given buffer but is a
[INFO] [stdout] 4819 | |             /// view starting at `byte_offset`.
[INFO] [stdout] ...    |
[INFO] [stdout] 4824 | |             #[wasm_bindgen(constructor)]
[INFO] [stdout] 4825 | |             pub fn new_with_byte_offset(buffer: &JsValue, byte_offset: u32) -> $name;
[INFO] [stdout]      | |_____________________________________________________________________________________^
[INFO] [stdout] ...
[INFO] [stdout] 4999 | / arrays! {
[INFO] [stdout] 5000 | |     /// `Int8Array()`
[INFO] [stdout] 5001 | |     /// https://developer.mozilla.org/en-US/docs/Web/JavaScript/Reference/Global_Objects/Int8Array
[INFO] [stdout] 5002 | |     Int8Array: i8,
[INFO] [stdout] ...    |
[INFO] [stdout] 5034 | |     Float64Array: f64,
[INFO] [stdout] 5035 | | }
[INFO] [stdout]      | |_- in this macro invocation
[INFO] [stdout]      |
[INFO] [stdout]      = note: this error originates in a macro (in Nightly builds, run with -Z macro-backtrace for more info)
[INFO] [stdout] 
[INFO] [stdout] 
[INFO] [stdout] error: return value of constructor must be a bare path
[INFO] [stdout]     --> /opt/rustwide/cargo-home/registry/src/github.com-1ecc6299db9ec823/js-sys-0.3.39/src/lib.rs:4827:13
[INFO] [stdout]      |
[INFO] [stdout] 4827 | /             /// An
[INFO] [stdout] 4828 | |             #[doc = $ctor]
[INFO] [stdout] 4829 | |             /// which creates an array with the given buffer but is a
[INFO] [stdout] 4830 | |             /// view starting at `byte_offset` for `length` elements.
[INFO] [stdout] ...    |
[INFO] [stdout] 4839 | |                 length: u32,
[INFO] [stdout] 4840 | |             ) -> $name;
[INFO] [stdout]      | |_______________________^
[INFO] [stdout] ...
[INFO] [stdout] 4999 | / arrays! {
[INFO] [stdout] 5000 | |     /// `Int8Array()`
[INFO] [stdout] 5001 | |     /// https://developer.mozilla.org/en-US/docs/Web/JavaScript/Reference/Global_Objects/Int8Array
[INFO] [stdout] 5002 | |     Int8Array: i8,
[INFO] [stdout] ...    |
[INFO] [stdout] 5034 | |     Float64Array: f64,
[INFO] [stdout] 5035 | | }
[INFO] [stdout]      | |_- in this macro invocation
[INFO] [stdout]      |
[INFO] [stdout]      = note: this error originates in a macro (in Nightly builds, run with -Z macro-backtrace for more info)
[INFO] [stdout] 
[INFO] [stdout] 
[INFO] [stdout] error: first argument of method must be a path
[INFO] [stdout]     --> /opt/rustwide/cargo-home/registry/src/github.com-1ecc6299db9ec823/js-sys-0.3.39/src/lib.rs:4847:32
[INFO] [stdout]      |
[INFO] [stdout] 4847 |               pub fn fill(this: &$name, value: $ty, start: u32, end: u32) -> $name;
[INFO] [stdout]      |                                  ^^^^^
[INFO] [stdout] ...
[INFO] [stdout] 4999 | / arrays! {
[INFO] [stdout] 5000 | |     /// `Int8Array()`
[INFO] [stdout] 5001 | |     /// https://developer.mozilla.org/en-US/docs/Web/JavaScript/Reference/Global_Objects/Int8Array
[INFO] [stdout] 5002 | |     Int8Array: i8,
[INFO] [stdout] ...    |
[INFO] [stdout] 5034 | |     Float64Array: f64,
[INFO] [stdout] 5035 | | }
[INFO] [stdout]      | |_- in this macro invocation
[INFO] [stdout]      |
[INFO] [stdout]      = note: this error originates in a macro (in Nightly builds, run with -Z macro-backtrace for more info)
[INFO] [stdout] 
[INFO] [stdout] 
[INFO] [stdout] error: first argument of method must be a path
[INFO] [stdout]     --> /opt/rustwide/cargo-home/registry/src/github.com-1ecc6299db9ec823/js-sys-0.3.39/src/lib.rs:4852:34
[INFO] [stdout]      |
[INFO] [stdout] 4852 |               pub fn buffer(this: &$name) -> ArrayBuffer;
[INFO] [stdout]      |                                    ^^^^^
[INFO] [stdout] ...
[INFO] [stdout] 4999 | / arrays! {
[INFO] [stdout] 5000 | |     /// `Int8Array()`
[INFO] [stdout] 5001 | |     /// https://developer.mozilla.org/en-US/docs/Web/JavaScript/Reference/Global_Objects/Int8Array
[INFO] [stdout] 5002 | |     Int8Array: i8,
[INFO] [stdout] ...    |
[INFO] [stdout] 5034 | |     Float64Array: f64,
[INFO] [stdout] 5035 | | }
[INFO] [stdout]      | |_- in this macro invocation
[INFO] [stdout]      |
[INFO] [stdout]      = note: this error originates in a macro (in Nightly builds, run with -Z macro-backtrace for more info)
[INFO] [stdout] 
[INFO] [stdout] 
[INFO] [stdout] error: first argument of method must be a path
[INFO] [stdout]     --> /opt/rustwide/cargo-home/registry/src/github.com-1ecc6299db9ec823/js-sys-0.3.39/src/lib.rs:4858:36
[INFO] [stdout]      |
[INFO] [stdout] 4858 |               pub fn subarray(this: &$name, begin: u32, end: u32) -> $name;
[INFO] [stdout]      |                                      ^^^^^
[INFO] [stdout] ...
[INFO] [stdout] 4999 | / arrays! {
[INFO] [stdout] 5000 | |     /// `Int8Array()`
[INFO] [stdout] 5001 | |     /// https://developer.mozilla.org/en-US/docs/Web/JavaScript/Reference/Global_Objects/Int8Array
[INFO] [stdout] 5002 | |     Int8Array: i8,
[INFO] [stdout] ...    |
[INFO] [stdout] 5034 | |     Float64Array: f64,
[INFO] [stdout] 5035 | | }
[INFO] [stdout]      | |_- in this macro invocation
[INFO] [stdout]      |
[INFO] [stdout]      = note: this error originates in a macro (in Nightly builds, run with -Z macro-backtrace for more info)
[INFO] [stdout] 
[INFO] [stdout] 
[INFO] [stdout] error: first argument of method must be a path
[INFO] [stdout]     --> /opt/rustwide/cargo-home/registry/src/github.com-1ecc6299db9ec823/js-sys-0.3.39/src/lib.rs:4864:33
[INFO] [stdout]      |
[INFO] [stdout] 4864 |               pub fn slice(this: &$name, begin: u32, end: u32) -> $name;
[INFO] [stdout]      |                                   ^^^^^
[INFO] [stdout] ...
[INFO] [stdout] 4999 | / arrays! {
[INFO] [stdout] 5000 | |     /// `Int8Array()`
[INFO] [stdout] 5001 | |     /// https://developer.mozilla.org/en-US/docs/Web/JavaScript/Reference/Global_Objects/Int8Array
[INFO] [stdout] 5002 | |     Int8Array: i8,
[INFO] [stdout] ...    |
[INFO] [stdout] 5034 | |     Float64Array: f64,
[INFO] [stdout] 5035 | | }
[INFO] [stdout]      | |_- in this macro invocation
[INFO] [stdout]      |
[INFO] [stdout]      = note: this error originates in a macro (in Nightly builds, run with -Z macro-backtrace for more info)
[INFO] [stdout] 
[INFO] [stdout] 
[INFO] [stdout] error: first argument of method must be a path
[INFO] [stdout]     --> /opt/rustwide/cargo-home/registry/src/github.com-1ecc6299db9ec823/js-sys-0.3.39/src/lib.rs:4871:36
[INFO] [stdout]      |
[INFO] [stdout] 4871 |               pub fn for_each(this: &$name, callback: &mut dyn FnMut($ty, u32, $name));
[INFO] [stdout]      |                                      ^^^^^
[INFO] [stdout] ...
[INFO] [stdout] 4999 | / arrays! {
[INFO] [stdout] 5000 | |     /// `Int8Array()`
[INFO] [stdout] 5001 | |     /// https://developer.mozilla.org/en-US/docs/Web/JavaScript/Reference/Global_Objects/Int8Array
[INFO] [stdout] 5002 | |     Int8Array: i8,
[INFO] [stdout] ...    |
[INFO] [stdout] 5034 | |     Float64Array: f64,
[INFO] [stdout] 5035 | | }
[INFO] [stdout]      | |_- in this macro invocation
[INFO] [stdout]      |
[INFO] [stdout]      = note: this error originates in a macro (in Nightly builds, run with -Z macro-backtrace for more info)
[INFO] [stdout] 
[INFO] [stdout] 
[INFO] [stdout] error: first argument of method must be a path
[INFO] [stdout]     --> /opt/rustwide/cargo-home/registry/src/github.com-1ecc6299db9ec823/js-sys-0.3.39/src/lib.rs:4876:34
[INFO] [stdout]      |
[INFO] [stdout] 4876 |               pub fn length(this: &$name) -> u32;
[INFO] [stdout]      |                                    ^^^^^
[INFO] [stdout] ...
[INFO] [stdout] 4999 | / arrays! {
[INFO] [stdout] 5000 | |     /// `Int8Array()`
[INFO] [stdout] 5001 | |     /// https://developer.mozilla.org/en-US/docs/Web/JavaScript/Reference/Global_Objects/Int8Array
[INFO] [stdout] 5002 | |     Int8Array: i8,
[INFO] [stdout] ...    |
[INFO] [stdout] 5034 | |     Float64Array: f64,
[INFO] [stdout] 5035 | | }
[INFO] [stdout]      | |_- in this macro invocation
[INFO] [stdout]      |
[INFO] [stdout]      = note: this error originates in a macro (in Nightly builds, run with -Z macro-backtrace for more info)
[INFO] [stdout] 
[INFO] [stdout] 
[INFO] [stdout] error: first argument of method must be a path
[INFO] [stdout]     --> /opt/rustwide/cargo-home/registry/src/github.com-1ecc6299db9ec823/js-sys-0.3.39/src/lib.rs:4881:39
[INFO] [stdout]      |
[INFO] [stdout] 4881 |               pub fn byte_length(this: &$name) -> u32;
[INFO] [stdout]      |                                         ^^^^^
[INFO] [stdout] ...
[INFO] [stdout] 4999 | / arrays! {
[INFO] [stdout] 5000 | |     /// `Int8Array()`
[INFO] [stdout] 5001 | |     /// https://developer.mozilla.org/en-US/docs/Web/JavaScript/Reference/Global_Objects/Int8Array
[INFO] [stdout] 5002 | |     Int8Array: i8,
[INFO] [stdout] ...    |
[INFO] [stdout] 5034 | |     Float64Array: f64,
[INFO] [stdout] 5035 | | }
[INFO] [stdout]      | |_- in this macro invocation
[INFO] [stdout]      |
[INFO] [stdout]      = note: this error originates in a macro (in Nightly builds, run with -Z macro-backtrace for more info)
[INFO] [stdout] 
[INFO] [stdout] 
[INFO] [stdout] error: first argument of method must be a path
[INFO] [stdout]     --> /opt/rustwide/cargo-home/registry/src/github.com-1ecc6299db9ec823/js-sys-0.3.39/src/lib.rs:4886:39
[INFO] [stdout]      |
[INFO] [stdout] 4886 |               pub fn byte_offset(this: &$name) -> u32;
[INFO] [stdout]      |                                         ^^^^^
[INFO] [stdout] ...
[INFO] [stdout] 4999 | / arrays! {
[INFO] [stdout] 5000 | |     /// `Int8Array()`
[INFO] [stdout] 5001 | |     /// https://developer.mozilla.org/en-US/docs/Web/JavaScript/Reference/Global_Objects/Int8Array
[INFO] [stdout] 5002 | |     Int8Array: i8,
[INFO] [stdout] ...    |
[INFO] [stdout] 5034 | |     Float64Array: f64,
[INFO] [stdout] 5035 | | }
[INFO] [stdout]      | |_- in this macro invocation
[INFO] [stdout]      |
[INFO] [stdout]      = note: this error originates in a macro (in Nightly builds, run with -Z macro-backtrace for more info)
[INFO] [stdout] 
[INFO] [stdout] 
[INFO] [stdout] error: first argument of method must be a path
[INFO] [stdout]     --> /opt/rustwide/cargo-home/registry/src/github.com-1ecc6299db9ec823/js-sys-0.3.39/src/lib.rs:4891:31
[INFO] [stdout]      |
[INFO] [stdout] 4891 |               pub fn set(this: &$name, src: &JsValue, offset: u32);
[INFO] [stdout]      |                                 ^^^^^
[INFO] [stdout] ...
[INFO] [stdout] 4999 | / arrays! {
[INFO] [stdout] 5000 | |     /// `Int8Array()`
[INFO] [stdout] 5001 | |     /// https://developer.mozilla.org/en-US/docs/Web/JavaScript/Reference/Global_Objects/Int8Array
[INFO] [stdout] 5002 | |     Int8Array: i8,
[INFO] [stdout] ...    |
[INFO] [stdout] 5034 | |     Float64Array: f64,
[INFO] [stdout] 5035 | | }
[INFO] [stdout]      | |_- in this macro invocation
[INFO] [stdout]      |
[INFO] [stdout]      = note: this error originates in a macro (in Nightly builds, run with -Z macro-backtrace for more info)
[INFO] [stdout] 
[INFO] [stdout] 
[INFO] [stdout] error: first argument of method must be a path
[INFO] [stdout]     --> /opt/rustwide/cargo-home/registry/src/github.com-1ecc6299db9ec823/js-sys-0.3.39/src/lib.rs:4895:37
[INFO] [stdout]      |
[INFO] [stdout] 4895 |               pub fn get_index(this: &$name, idx: u32) -> $ty;
[INFO] [stdout]      |                                       ^^^^^
[INFO] [stdout] ...
[INFO] [stdout] 4999 | / arrays! {
[INFO] [stdout] 5000 | |     /// `Int8Array()`
[INFO] [stdout] 5001 | |     /// https://developer.mozilla.org/en-US/docs/Web/JavaScript/Reference/Global_Objects/Int8Array
[INFO] [stdout] 5002 | |     Int8Array: i8,
[INFO] [stdout] ...    |
[INFO] [stdout] 5034 | |     Float64Array: f64,
[INFO] [stdout] 5035 | | }
[INFO] [stdout]      | |_- in this macro invocation
[INFO] [stdout]      |
[INFO] [stdout]      = note: this error originates in a macro (in Nightly builds, run with -Z macro-backtrace for more info)
[INFO] [stdout] 
[INFO] [stdout] 
[INFO] [stdout] error: first argument of method must be a path
[INFO] [stdout]     --> /opt/rustwide/cargo-home/registry/src/github.com-1ecc6299db9ec823/js-sys-0.3.39/src/lib.rs:4899:37
[INFO] [stdout]      |
[INFO] [stdout] 4899 |               pub fn set_index(this: &$name, idx: u32, value: $ty);
[INFO] [stdout]      |                                       ^^^^^
[INFO] [stdout] ...
[INFO] [stdout] 4999 | / arrays! {
[INFO] [stdout] 5000 | |     /// `Int8Array()`
[INFO] [stdout] 5001 | |     /// https://developer.mozilla.org/en-US/docs/Web/JavaScript/Reference/Global_Objects/Int8Array
[INFO] [stdout] 5002 | |     Int8Array: i8,
[INFO] [stdout] ...    |
[INFO] [stdout] 5034 | |     Float64Array: f64,
[INFO] [stdout] 5035 | | }
[INFO] [stdout]      | |_- in this macro invocation
[INFO] [stdout]      |
[INFO] [stdout]      = note: this error originates in a macro (in Nightly builds, run with -Z macro-backtrace for more info)
[INFO] [stdout] 
[INFO] [stdout] 
[INFO] [stdout] error[E0433]: failed to resolve: use of undeclared type or module `Int8Array`
[INFO] [stdout]     --> /opt/rustwide/cargo-home/registry/src/github.com-1ecc6299db9ec823/js-sys-0.3.39/src/lib.rs:5002:5
[INFO] [stdout]      |
[INFO] [stdout] 5002 |     Int8Array: i8,
[INFO] [stdout]      |     ^^^^^^^^^ use of undeclared type or module `Int8Array`
[INFO] [stdout] 
[INFO] [stdout] 
[INFO] [stdout] error[E0433]: failed to resolve: use of undeclared type or module `Int16Array`
[INFO] [stdout]     --> /opt/rustwide/cargo-home/registry/src/github.com-1ecc6299db9ec823/js-sys-0.3.39/src/lib.rs:5006:5
[INFO] [stdout]      |
[INFO] [stdout] 5006 |     Int16Array: i16,
[INFO] [stdout]      |     ^^^^^^^^^^ use of undeclared type or module `Int16Array`
[INFO] [stdout] 
[INFO] [stdout] 
[INFO] [stdout] error[E0433]: failed to resolve: use of undeclared type or module `Int32Array`
[INFO] [stdout]     --> /opt/rustwide/cargo-home/registry/src/github.com-1ecc6299db9ec823/js-sys-0.3.39/src/lib.rs:5010:5
[INFO] [stdout]      |
[INFO] [stdout] 5010 |     Int32Array: i32,
[INFO] [stdout]      |     ^^^^^^^^^^ use of undeclared type or module `Int32Array`
[INFO] [stdout] 
[INFO] [stdout] 
[INFO] [stdout] error[E0433]: failed to resolve: use of undeclared type or module `Uint8Array`
[INFO] [stdout]     --> /opt/rustwide/cargo-home/registry/src/github.com-1ecc6299db9ec823/js-sys-0.3.39/src/lib.rs:5014:5
[INFO] [stdout]      |
[INFO] [stdout] 5014 |     Uint8Array: u8,
[INFO] [stdout]      |     ^^^^^^^^^^ use of undeclared type or module `Uint8Array`
[INFO] [stdout] 
[INFO] [stdout] 
[INFO] [stdout] error[E0433]: failed to resolve: use of undeclared type or module `Uint8ClampedArray`
[INFO] [stdout]     --> /opt/rustwide/cargo-home/registry/src/github.com-1ecc6299db9ec823/js-sys-0.3.39/src/lib.rs:5018:5
[INFO] [stdout]      |
[INFO] [stdout] 5018 |     Uint8ClampedArray: u8,
[INFO] [stdout]      |     ^^^^^^^^^^^^^^^^^ use of undeclared type or module `Uint8ClampedArray`
[INFO] [stdout] 
[INFO] [stdout] 
[INFO] [stdout] error[E0433]: failed to resolve: use of undeclared type or module `Uint16Array`
[INFO] [stdout]     --> /opt/rustwide/cargo-home/registry/src/github.com-1ecc6299db9ec823/js-sys-0.3.39/src/lib.rs:5022:5
[INFO] [stdout]      |
[INFO] [stdout] 5022 |     Uint16Array: u16,
[INFO] [stdout]      |     ^^^^^^^^^^^ use of undeclared type or module `Uint16Array`
[INFO] [stdout] 
[INFO] [stdout] 
[INFO] [stdout] error[E0433]: failed to resolve: use of undeclared type or module `Uint32Array`
[INFO] [stdout]     --> /opt/rustwide/cargo-home/registry/src/github.com-1ecc6299db9ec823/js-sys-0.3.39/src/lib.rs:5026:5
[INFO] [stdout]      |
[INFO] [stdout] 5026 |     Uint32Array: u32,
[INFO] [stdout]      |     ^^^^^^^^^^^ use of undeclared type or module `Uint32Array`
[INFO] [stdout] 
[INFO] [stdout] 
[INFO] [stdout] error[E0433]: failed to resolve: use of undeclared type or module `Float32Array`
[INFO] [stdout]     --> /opt/rustwide/cargo-home/registry/src/github.com-1ecc6299db9ec823/js-sys-0.3.39/src/lib.rs:5030:5
[INFO] [stdout]      |
[INFO] [stdout] 5030 |     Float32Array: f32,
[INFO] [stdout]      |     ^^^^^^^^^^^^ use of undeclared type or module `Float32Array`
[INFO] [stdout] 
[INFO] [stdout] 
[INFO] [stdout] error[E0433]: failed to resolve: use of undeclared type or module `Float64Array`
[INFO] [stdout]     --> /opt/rustwide/cargo-home/registry/src/github.com-1ecc6299db9ec823/js-sys-0.3.39/src/lib.rs:5034:5
[INFO] [stdout]      |
[INFO] [stdout] 5034 |     Float64Array: f64,
[INFO] [stdout]      |     ^^^^^^^^^^^^ use of undeclared type or module `Float64Array`
[INFO] [stdout] 
[INFO] [stdout] 
[INFO] [stdout] error[E0412]: cannot find type `Int32Array` in this scope
[INFO] [stdout]    --> /opt/rustwide/cargo-home/registry/src/github.com-1ecc6299db9ec823/js-sys-0.3.39/src/lib.rs:700:37
[INFO] [stdout]     |
[INFO] [stdout] 700 |         pub fn notify(typed_array: &Int32Array, index: u32) -> Result<u32, JsValue>;
[INFO] [stdout]     |                                     ^^^^^^^^^^ not found in this scope
[INFO] [stdout] 
[INFO] [stdout] 
[INFO] [stdout] error[E0412]: cannot find type `Int32Array` in this scope
[INFO] [stdout]    --> /opt/rustwide/cargo-home/registry/src/github.com-1ecc6299db9ec823/js-sys-0.3.39/src/lib.rs:705:27
[INFO] [stdout]     |
[INFO] [stdout] 705 |             typed_array: &Int32Array,
[INFO] [stdout]     |                           ^^^^^^^^^^ not found in this scope
[INFO] [stdout] 
[INFO] [stdout] 
[INFO] [stdout] error[E0412]: cannot find type `Int32Array` in this scope
[INFO] [stdout]    --> /opt/rustwide/cargo-home/registry/src/github.com-1ecc6299db9ec823/js-sys-0.3.39/src/lib.rs:744:35
[INFO] [stdout]     |
[INFO] [stdout] 744 |         pub fn wait(typed_array: &Int32Array, index: u32, value: i32) -> Result<JsString, JsValue>;
[INFO] [stdout]     |                                   ^^^^^^^^^^ not found in this scope
[INFO] [stdout] 
[INFO] [stdout] 
[INFO] [stdout] error[E0412]: cannot find type `Int32Array` in this scope
[INFO] [stdout]    --> /opt/rustwide/cargo-home/registry/src/github.com-1ecc6299db9ec823/js-sys-0.3.39/src/lib.rs:751:27
[INFO] [stdout]     |
[INFO] [stdout] 751 |             typed_array: &Int32Array,
[INFO] [stdout]     |                           ^^^^^^^^^^ not found in this scope
[INFO] [stdout] 
[INFO] [stdout] 
[INFO] [stdout] error[E0412]: cannot find type `Int8Array` in this scope
[INFO] [stdout]     --> /opt/rustwide/cargo-home/registry/src/github.com-1ecc6299db9ec823/js-sys-0.3.39/src/lib.rs:5002:5
[INFO] [stdout]      |
[INFO] [stdout] 5002 |     Int8Array: i8,
[INFO] [stdout]      |     ^^^^^^^^^ not found in this scope
[INFO] [stdout] 
[INFO] [stdout] 
[INFO] [stdout] error[E0412]: cannot find type `Int16Array` in this scope
[INFO] [stdout]     --> /opt/rustwide/cargo-home/registry/src/github.com-1ecc6299db9ec823/js-sys-0.3.39/src/lib.rs:5006:5
[INFO] [stdout]      |
[INFO] [stdout] 5006 |     Int16Array: i16,
[INFO] [stdout]      |     ^^^^^^^^^^ not found in this scope
[INFO] [stdout] 
[INFO] [stdout] 
[INFO] [stdout] error[E0412]: cannot find type `Int32Array` in this scope
[INFO] [stdout]     --> /opt/rustwide/cargo-home/registry/src/github.com-1ecc6299db9ec823/js-sys-0.3.39/src/lib.rs:5010:5
[INFO] [stdout]      |
[INFO] [stdout] 5010 |     Int32Array: i32,
[INFO] [stdout]      |     ^^^^^^^^^^ not found in this scope
[INFO] [stdout] 
[INFO] [stdout] 
[INFO] [stdout] error[E0412]: cannot find type `Uint8Array` in this scope
[INFO] [stdout]     --> /opt/rustwide/cargo-home/registry/src/github.com-1ecc6299db9ec823/js-sys-0.3.39/src/lib.rs:5014:5
[INFO] [stdout]      |
[INFO] [stdout] 5014 |     Uint8Array: u8,
[INFO] [stdout]      |     ^^^^^^^^^^ not found in this scope
[INFO] [stdout] 
[INFO] [stdout] 
[INFO] [stdout] error[E0412]: cannot find type `Uint8ClampedArray` in this scope
[INFO] [stdout]     --> /opt/rustwide/cargo-home/registry/src/github.com-1ecc6299db9ec823/js-sys-0.3.39/src/lib.rs:5018:5
[INFO] [stdout]      |
[INFO] [stdout] 5018 |     Uint8ClampedArray: u8,
[INFO] [stdout]      |     ^^^^^^^^^^^^^^^^^ not found in this scope
[INFO] [stdout] 
[INFO] [stdout] 
[INFO] [stdout] error[E0412]: cannot find type `Uint16Array` in this scope
[INFO] [stdout]     --> /opt/rustwide/cargo-home/registry/src/github.com-1ecc6299db9ec823/js-sys-0.3.39/src/lib.rs:5022:5
[INFO] [stdout]      |
[INFO] [stdout] 5022 |     Uint16Array: u16,
[INFO] [stdout]      |     ^^^^^^^^^^^ not found in this scope
[INFO] [stdout] 
[INFO] [stdout] 
[INFO] [stdout] error[E0412]: cannot find type `Uint32Array` in this scope
[INFO] [stdout]     --> /opt/rustwide/cargo-home/registry/src/github.com-1ecc6299db9ec823/js-sys-0.3.39/src/lib.rs:5026:5
[INFO] [stdout]      |
[INFO] [stdout] 5026 |     Uint32Array: u32,
[INFO] [stdout]      |     ^^^^^^^^^^^ not found in this scope
[INFO] [stdout] 
[INFO] [stdout] 
[INFO] [stdout] error[E0412]: cannot find type `Float32Array` in this scope
[INFO] [stdout]     --> /opt/rustwide/cargo-home/registry/src/github.com-1ecc6299db9ec823/js-sys-0.3.39/src/lib.rs:5030:5
[INFO] [stdout]      |
[INFO] [stdout] 5030 |     Float32Array: f32,
[INFO] [stdout]      |     ^^^^^^^^^^^^ not found in this scope
[INFO] [stdout] 
[INFO] [stdout] 
[INFO] [stdout] error[E0412]: cannot find type `Float64Array` in this scope
[INFO] [stdout]     --> /opt/rustwide/cargo-home/registry/src/github.com-1ecc6299db9ec823/js-sys-0.3.39/src/lib.rs:5034:5
[INFO] [stdout]      |
[INFO] [stdout] 5034 |     Float64Array: f64,
[INFO] [stdout]      |     ^^^^^^^^^^^^ not found in this scope
[INFO] [stdout] 
[INFO] [stdout] 
[INFO] [stdout] error: aborting due to 37 previous errors
[INFO] [stdout] 
[INFO] [stdout] 
[INFO] [stdout] Some errors have detailed explanations: E0412, E0433.
[INFO] [stdout] 
[INFO] [stdout] For more information about an error, try `rustc --explain E0412`.
[INFO] [stdout] 
[INFO] [stderr] error: could not compile `js-sys`.
[INFO] [stderr] 
[INFO] [stderr] To learn more, run the command again with --verbose.
[INFO] running `Command { std: "docker" "inspect" "1e659a315f8a8bd2cdbead8b7ddd6d4349cbb300cc3e2f00c8c8d02ac2b6bcd0", kill_on_drop: false }`
[INFO] running `Command { std: "docker" "rm" "-f" "1e659a315f8a8bd2cdbead8b7ddd6d4349cbb300cc3e2f00c8c8d02ac2b6bcd0", kill_on_drop: false }`
[INFO] [stdout] 1e659a315f8a8bd2cdbead8b7ddd6d4349cbb300cc3e2f00c8c8d02ac2b6bcd0
